{"id":1399,"date":"2025-05-15T12:25:28","date_gmt":"2025-05-15T15:25:28","guid":{"rendered":"https:\/\/carvalhoefreire.com.br\/?page_id=1399"},"modified":"2026-06-11T12:33:03","modified_gmt":"2026-06-11T15:33:03","slug":"matheus-moraes","status":"publish","type":"page","link":"https:\/\/carvalhoefreire.com.br\/en\/matheus-moraes\/","title":{"rendered":"Matheus Moraes"},"content":{"rendered":"\t\t<div data-elementor-type=\"wp-page\" data-elementor-id=\"1399\" class=\"elementor elementor-1399\">\n\t\t\t\t<div class=\"elementor-element elementor-element-652af17 e-flex e-con-boxed wpr-particle-no wpr-jarallax-no wpr-parallax-no wpr-sticky-section-no wpr-column-slider-no wpr-equal-height-no e-con e-parent\" data-id=\"652af17\" data-element_type=\"container\" data-e-type=\"container\" data-settings=\"{&quot;background_background&quot;:&quot;slideshow&quot;,&quot;background_slideshow_gallery&quot;:[{&quot;id&quot;:1333,&quot;url&quot;:&quot;https:\\\/\\\/carvalhoefreire.com.br\\\/wp-content\\\/uploads\\\/2025\\\/05\\\/Sem-Titulo-2-2.png&quot;}],&quot;background_slideshow_loop&quot;:&quot;yes&quot;,&quot;background_slideshow_slide_duration&quot;:5000,&quot;background_slideshow_slide_transition&quot;:&quot;fade&quot;,&quot;background_slideshow_transition_duration&quot;:500}\">\n\t\t\t\t\t<div class=\"e-con-inner\">\n\t\t<div class=\"elementor-element elementor-element-28c5237 e-grid e-con-full wpr-particle-no wpr-jarallax-no wpr-parallax-no wpr-sticky-section-no wpr-column-slider-no wpr-equal-height-no e-con e-child\" data-id=\"28c5237\" data-element_type=\"container\" data-e-type=\"container\">\n\t\t<div class=\"elementor-element elementor-element-de0af71 e-con-full e-flex wpr-particle-no wpr-jarallax-no wpr-parallax-no wpr-sticky-section-no wpr-column-slider-no wpr-equal-height-no e-con e-child\" data-id=\"de0af71\" data-element_type=\"container\" data-e-type=\"container\">\n\t\t\t\t<div class=\"elementor-element elementor-element-4708a0a elementor-widget elementor-widget-heading\" data-id=\"4708a0a\" data-element_type=\"widget\" data-e-type=\"widget\" data-widget_type=\"heading.default\">\n\t\t\t\t<div class=\"elementor-widget-container\">\n\t\t\t\t\t<h2 class=\"elementor-heading-title elementor-size-default\">Matheus Moraes<\/h2>\t\t\t\t<\/div>\n\t\t\t\t<\/div>\n\t\t\t\t<div class=\"elementor-element elementor-element-489fd60 elementor-widget elementor-widget-text-editor\" data-id=\"489fd60\" data-element_type=\"widget\" data-e-type=\"widget\" data-widget_type=\"text-editor.default\">\n\t\t\t\t<div class=\"elementor-widget-container\">\n\t\t\t\t\t\t\t\t\t<p>Coordenador Jur\u00eddico<\/p><p>juridico@carvalhoefreire.com.br<\/p><p>(61) 99372-0764<\/p>\t\t\t\t\t\t\t\t<\/div>\n\t\t\t\t<\/div>\n\t\t\t\t<\/div>\n\t\t\t\t<\/div>\n\t\t\t\t\t<\/div>\n\t\t\t\t<\/div>\n\t\t<div class=\"elementor-element elementor-element-9ea9511 e-flex e-con-boxed wpr-particle-no wpr-jarallax-no wpr-parallax-no wpr-sticky-section-no wpr-column-slider-no wpr-equal-height-no e-con e-parent\" data-id=\"9ea9511\" data-element_type=\"container\" data-e-type=\"container\">\n\t\t\t\t\t<div class=\"e-con-inner\">\n\t\t<div class=\"elementor-element elementor-element-34ba335 e-grid e-con-full wpr-particle-no wpr-jarallax-no wpr-parallax-no wpr-sticky-section-no wpr-column-slider-no wpr-equal-height-no e-con e-child\" data-id=\"34ba335\" data-element_type=\"container\" data-e-type=\"container\">\n\t\t<div class=\"elementor-element elementor-element-c08d884 e-con-full e-flex wpr-particle-no wpr-jarallax-no wpr-parallax-no wpr-sticky-section-no wpr-column-slider-no wpr-equal-height-no e-con e-child\" data-id=\"c08d884\" data-element_type=\"container\" data-e-type=\"container\">\n\t\t\t\t<div class=\"elementor-element elementor-element-1ae09b7 elementor-widget elementor-widget-text-editor\" data-id=\"1ae09b7\" data-element_type=\"widget\" data-e-type=\"widget\" data-widget_type=\"text-editor.default\">\n\t\t\t\t<div class=\"elementor-widget-container\">\n\t\t\t\t\t\t\t\t\t<p data-start=\"417\" data-end=\"757\">Matheus \u00e9 advogado associado na Carvalho e Freire Advogados Associados, especialista em Direito Penal, Tribut\u00e1rio e Processo Civil, com experi\u00eancia em tribunais superiores.<\/p><p data-start=\"116\" data-end=\"566\">Com especializa\u00e7\u00e3o em Direito Penal pela PUC-MG, complementada por curso de extens\u00e3o em Processo Civil pelo Instituto da Magistratura do Distrito Federal e especializa\u00e7\u00e3o em Direito Tribut\u00e1rio. Sua atua\u00e7\u00e3o profissional abrange uma ampla gama de \u00e1reas, incluindo Direito Penal Econ\u00f4mico, Direito Agr\u00e1rio e processos de execu\u00e7\u00e3o, com experi\u00eancia relevante em tribunais superiores.<\/p><p data-start=\"568\" data-end=\"1002\">Com um enfoque estrat\u00e9gico e orientado para resultados, Matheus busca constantemente oferecer solu\u00e7\u00f5es jur\u00eddicas eficazes e personalizadas, alinhando conhecimento t\u00e9cnico e pr\u00e1tica jur\u00eddica para atender \u00e0s demandas complexas de seus clientes. Sua forma\u00e7\u00e3o multidisciplinar e viv\u00eancia em diferentes ramos do Direito conferem-lhe uma vis\u00e3o integrada, essencial para a condu\u00e7\u00e3o eficiente de casos que envolvem m\u00faltiplas vertentes legais.<\/p><p data-start=\"1004\" data-end=\"1290\">Al\u00e9m da atua\u00e7\u00e3o consultiva e contenciosa, Matheus se destaca por sua capacidade de an\u00e1lise detalhada e elabora\u00e7\u00e3o de estrat\u00e9gias jur\u00eddicas que visam mitigar riscos e maximizar oportunidades, sempre pautado pelo compromisso com a excel\u00eancia, \u00e9tica profissional e inova\u00e7\u00e3o no atendimento.<\/p>\t\t\t\t\t\t\t\t<\/div>\n\t\t\t\t<\/div>\n\t\t\t\t<\/div>\n\t\t\t\t<div class=\"elementor-element elementor-element-8020dfe elementor-widget elementor-widget-image\" data-id=\"8020dfe\" data-element_type=\"widget\" data-e-type=\"widget\" data-widget_type=\"image.default\">\n\t\t\t\t<div class=\"elementor-widget-container\">\n\t\t\t\t\t\t\t\t\t\t\t\t\t\t\t<img fetchpriority=\"high\" decoding=\"async\" width=\"720\" height=\"1280\" src=\"https:\/\/carvalhoefreire.com.br\/wp-content\/uploads\/2025\/05\/Matheus-8.png\" class=\"elementor-animation-grow attachment-full size-full wp-image-1445\" alt=\"\" srcset=\"https:\/\/carvalhoefreire.com.br\/wp-content\/uploads\/2025\/05\/Matheus-8.png 720w, https:\/\/carvalhoefreire.com.br\/wp-content\/uploads\/2025\/05\/Matheus-8-169x300.png 169w, https:\/\/carvalhoefreire.com.br\/wp-content\/uploads\/2025\/05\/Matheus-8-576x1024.png 576w, https:\/\/carvalhoefreire.com.br\/wp-content\/uploads\/2025\/05\/Matheus-8-7x12.png 7w\" sizes=\"(max-width: 720px) 100vw, 720px\" \/>\t\t\t\t\t\t\t\t\t\t\t\t\t\t\t<\/div>\n\t\t\t\t<\/div>\n\t\t\t\t<\/div>\n\t\t\t\t\t<\/div>\n\t\t\t\t<\/div>\n\t\t\t\t<\/div>\n\t\t","protected":false},"excerpt":{"rendered":"<p>Matheus Moraes Coordenador Jur\u00eddico juridico@carvalhoefreire.com.br (61) 99372-0764 Matheus \u00e9 advogado associado na Carvalho e Freire Advogados Associados, especialista em Direito Penal, Tribut\u00e1rio e Processo Civil, com experi\u00eancia em tribunais superiores. Com especializa\u00e7\u00e3o em Direito Penal pela PUC-MG, complementada por curso de extens\u00e3o em Processo Civil pelo Instituto da Magistratura do Distrito Federal e especializa\u00e7\u00e3o em Direito Tribut\u00e1rio. Sua atua\u00e7\u00e3o profissional abrange uma ampla gama de \u00e1reas, incluindo Direito Penal Econ\u00f4mico, Direito Agr\u00e1rio e processos de execu\u00e7\u00e3o, com experi\u00eancia relevante em tribunais superiores. Com um enfoque estrat\u00e9gico e orientado para resultados, Matheus busca constantemente oferecer solu\u00e7\u00f5es jur\u00eddicas eficazes e personalizadas, alinhando conhecimento t\u00e9cnico e pr\u00e1tica jur\u00eddica para atender \u00e0s demandas complexas de seus clientes. Sua forma\u00e7\u00e3o multidisciplinar e viv\u00eancia em diferentes ramos do Direito conferem-lhe uma vis\u00e3o integrada, essencial para a condu\u00e7\u00e3o eficiente de casos que envolvem m\u00faltiplas vertentes legais. Al\u00e9m da atua\u00e7\u00e3o consultiva e contenciosa, Matheus se destaca por sua capacidade de an\u00e1lise detalhada e elabora\u00e7\u00e3o de estrat\u00e9gias jur\u00eddicas que visam mitigar riscos e maximizar oportunidades, sempre pautado pelo compromisso com a excel\u00eancia, \u00e9tica profissional e inova\u00e7\u00e3o no atendimento.<\/p>","protected":false},"author":1,"featured_media":0,"parent":0,"menu_order":0,"comment_status":"closed","ping_status":"closed","template":"elementor_header_footer","meta":{"_acf_changed":false,"footnotes":""},"class_list":["post-1399","page","type-page","status-publish","hentry"],"acf":[],"_links":{"self":[{"href":"https:\/\/carvalhoefreire.com.br\/en\/wp-json\/wp\/v2\/pages\/1399","targetHints":{"allow":["GET"]}}],"collection":[{"href":"https:\/\/carvalhoefreire.com.br\/en\/wp-json\/wp\/v2\/pages"}],"about":[{"href":"https:\/\/carvalhoefreire.com.br\/en\/wp-json\/wp\/v2\/types\/page"}],"author":[{"embeddable":true,"href":"https:\/\/carvalhoefreire.com.br\/en\/wp-json\/wp\/v2\/users\/1"}],"replies":[{"embeddable":true,"href":"https:\/\/carvalhoefreire.com.br\/en\/wp-json\/wp\/v2\/comments?post=1399"}],"version-history":[{"count":10,"href":"https:\/\/carvalhoefreire.com.br\/en\/wp-json\/wp\/v2\/pages\/1399\/revisions"}],"predecessor-version":[{"id":1558,"href":"https:\/\/carvalhoefreire.com.br\/en\/wp-json\/wp\/v2\/pages\/1399\/revisions\/1558"}],"wp:attachment":[{"href":"https:\/\/carvalhoefreire.com.br\/en\/wp-json\/wp\/v2\/media?parent=1399"}],"curies":[{"name":"wp","href":"https:\/\/api.w.org\/{rel}","templated":true}]}}

<div data-elementor-type="wp-page" data-elementor-id="1399" class="elementor elementor-1399">
				<div class="elementor-element elementor-element-652af17 e-flex e-con-boxed wpr-particle-no wpr-jarallax-no wpr-parallax-no wpr-sticky-section-no wpr-column-slider-no wpr-equal-height-no e-con e-parent" data-id="652af17" data-element_type="container" data-e-type="container" data-settings="{&quot;background_background&quot;:&quot;slideshow&quot;,&quot;background_slideshow_gallery&quot;:[{&quot;id&quot;:1333,&quot;url&quot;:&quot;https:\/\/carvalhoefreire.com.br\/wp-content\/uploads\/2025\/05\/Sem-Titulo-2-2.png&quot;}],&quot;background_slideshow_loop&quot;:&quot;yes&quot;,&quot;background_slideshow_slide_duration&quot;:5000,&quot;background_slideshow_slide_transition&quot;:&quot;fade&quot;,&quot;background_slideshow_transition_duration&quot;:500}">
					<div class="e-con-inner">
		<div class="elementor-element elementor-element-28c5237 e-grid e-con-full wpr-particle-no wpr-jarallax-no wpr-parallax-no wpr-sticky-section-no wpr-column-slider-no wpr-equal-height-no e-con e-child" data-id="28c5237" data-element_type="container" data-e-type="container">
		<div class="elementor-element elementor-element-de0af71 e-con-full e-flex wpr-particle-no wpr-jarallax-no wpr-parallax-no wpr-sticky-section-no wpr-column-slider-no wpr-equal-height-no e-con e-child" data-id="de0af71" data-element_type="container" data-e-type="container">
				<div class="elementor-element elementor-element-4708a0a elementor-widget elementor-widget-heading" data-id="4708a0a" data-element_type="widget" data-e-type="widget" data-widget_type="heading.default">
				<div class="elementor-widget-container">
					<h2 class="elementor-heading-title elementor-size-default">Matheus Moraes</h2>				</div>
				</div>
				<div class="elementor-element elementor-element-489fd60 elementor-widget elementor-widget-text-editor" data-id="489fd60" data-element_type="widget" data-e-type="widget" data-widget_type="text-editor.default">
				<div class="elementor-widget-container">
									<p>Coordenador Jurídico</p><p>juridico@carvalhoefreire.com.br</p><p>(61) 99372-0764</p>								</div>
				</div>
				</div>
				</div>
					</div>
				</div>
		<div class="elementor-element elementor-element-9ea9511 e-flex e-con-boxed wpr-particle-no wpr-jarallax-no wpr-parallax-no wpr-sticky-section-no wpr-column-slider-no wpr-equal-height-no e-con e-parent" data-id="9ea9511" data-element_type="container" data-e-type="container">
					<div class="e-con-inner">
		<div class="elementor-element elementor-element-34ba335 e-grid e-con-full wpr-particle-no wpr-jarallax-no wpr-parallax-no wpr-sticky-section-no wpr-column-slider-no wpr-equal-height-no e-con e-child" data-id="34ba335" data-element_type="container" data-e-type="container">
		<div class="elementor-element elementor-element-c08d884 e-con-full e-flex wpr-particle-no wpr-jarallax-no wpr-parallax-no wpr-sticky-section-no wpr-column-slider-no wpr-equal-height-no e-con e-child" data-id="c08d884" data-element_type="container" data-e-type="container">
				<div class="elementor-element elementor-element-1ae09b7 elementor-widget elementor-widget-text-editor" data-id="1ae09b7" data-element_type="widget" data-e-type="widget" data-widget_type="text-editor.default">
				<div class="elementor-widget-container">
									<p data-start="417" data-end="757">Matheus é advogado associado na Carvalho e Freire Advogados Associados, especialista em Direito Penal, Tributário e Processo Civil, com experiência em tribunais superiores.</p><p data-start="116" data-end="566">Com especialização em Direito Penal pela PUC-MG, complementada por curso de extensão em Processo Civil pelo Instituto da Magistratura do Distrito Federal e especialização em Direito Tributário. Sua atuação profissional abrange uma ampla gama de áreas, incluindo Direito Penal Econômico, Direito Agrário e processos de execução, com experiência relevante em tribunais superiores.</p><p data-start="568" data-end="1002">Com um enfoque estratégico e orientado para resultados, Matheus busca constantemente oferecer soluções jurídicas eficazes e personalizadas, alinhando conhecimento técnico e prática jurídica para atender às demandas complexas de seus clientes. Sua formação multidisciplinar e vivência em diferentes ramos do Direito conferem-lhe uma visão integrada, essencial para a condução eficiente de casos que envolvem múltiplas vertentes legais.</p><p data-start="1004" data-end="1290">Além da atuação consultiva e contenciosa, Matheus se destaca por sua capacidade de análise detalhada e elaboração de estratégias jurídicas que visam mitigar riscos e maximizar oportunidades, sempre pautado pelo compromisso com a excelência, ética profissional e inovação no atendimento.</p>								</div>
				</div>
				</div>
				<div class="elementor-element elementor-element-8020dfe elementor-widget elementor-widget-image" data-id="8020dfe" data-element_type="widget" data-e-type="widget" data-widget_type="image.default">
				<div class="elementor-widget-container">
															<img fetchpriority="high" decoding="async" width="720" height="1280" src="https://carvalhoefreire.com.br/wp-content/uploads/2025/05/Matheus-8.png" class="elementor-animation-grow attachment-full size-full wp-image-1445" alt="" srcset="https://carvalhoefreire.com.br/wp-content/uploads/2025/05/Matheus-8.png 720w, https://carvalhoefreire.com.br/wp-content/uploads/2025/05/Matheus-8-169x300.png 169w, https://carvalhoefreire.com.br/wp-content/uploads/2025/05/Matheus-8-576x1024.png 576w, https://carvalhoefreire.com.br/wp-content/uploads/2025/05/Matheus-8-7x12.png 7w" sizes="(max-width: 720px) 100vw, 720px" />															</div>
				</div>
				</div>
					</div>
				</div>
				</div>

<p>Matheus Moraes Coordenador Jurídico juridico@carvalhoefreire.com.br (61) 99372-0764 Matheus é advogado associado na Carvalho e Freire Advogados Associados, especialista em Direito Penal, Tributário e Processo Civil, com experiência em tribunais superiores. Com especialização em Direito Penal pela PUC-MG, complementada por curso de extensão em Processo Civil pelo Instituto da Magistratura do Distrito Federal e especialização em Direito Tributário. Sua atuação profissional abrange uma ampla gama de áreas, incluindo Direito Penal Econômico, Direito Agrário e processos de execução, com experiência relevante em tribunais superiores. Com um enfoque estratégico e orientado para resultados, Matheus busca constantemente oferecer soluções jurídicas eficazes e personalizadas, alinhando conhecimento técnico e prática jurídica para atender às demandas complexas de seus clientes. Sua formação multidisciplinar e vivência em diferentes ramos do Direito conferem-lhe uma visão integrada, essencial para a condução eficiente de casos que envolvem múltiplas vertentes legais. Além da atuação consultiva e contenciosa, Matheus se destaca por sua capacidade de análise detalhada e elaboração de estratégias jurídicas que visam mitigar riscos e maximizar oportunidades, sempre pautado pelo compromisso com a excelência, ética profissional e inovação no atendimento.</p>
